{"id":12,"date":"2011-10-03T20:35:39","date_gmt":"2011-10-03T20:35:39","guid":{"rendered":"http:\/\/www.friesenhofpraxis.de\/wordpress\/?page_id=12"},"modified":"2024-01-04T06:49:32","modified_gmt":"2024-01-04T06:49:32","slug":"moin","status":"publish","type":"page","link":"https:\/\/www.friesenhofpraxis.de\/","title":{"rendered":"Moin Moin&#8230;"},"content":{"rendered":"\n<p><img loading=\"lazy\" decoding=\"async\" class=\"alignright size-full wp-image-357\" style=\"border: 0px;\" title=\"karte_friesenhofpraxis\" src=\"http:\/\/www.friesenhofpraxis.de\/wp-content\/uploads\/karte_friesenhofpraxis1.png\" alt=\"\" width=\"400\" height=\"287\" srcset=\"https:\/\/www.friesenhofpraxis.de\/wp-content\/uploads\/karte_friesenhofpraxis1.png 400w, https:\/\/www.friesenhofpraxis.de\/wp-content\/uploads\/karte_friesenhofpraxis1-300x215.png 300w\" sizes=\"auto, (max-width: 400px) 100vw, 400px\" \/>\u2026 und Herzlich Willkommen auf den Seiten der Tierarztpraxis im Friesenhof. Unsere Praxis liegt im Herzen von Ostfriesland, die Praxisr\u00e4ume sind in einem idyllischen alten Bauernhof eingerichtet.<\/p>\n<p>In unserer Kleintierpraxis werden Hunde, Katzen, Kaninchen, Meerschweinchen, Ratten, und Sittiche behandelt &#8211; auch Koi geh\u00f6ren zunehmend zu unseren Patienten.<br>Im Gro\u00dftierbereich werden haupts\u00e4chlich Hausbesuche gemacht. Ob es sich nun um eine Zahnbehandlung eines Pferdes, eine Milchfiebererkrankung einer Kuh oder eine Verkaufsuntersuchung inkl. R\u00f6ntgen eines Zuchthengstes handelt \u2013 unsere mobile Praxis ist st\u00e4ndig im Einsatz.<\/p>\n<p>Viel Spa\u00df beim Schn\u00fcstern<br>Ihr Praxisteam<\/p>\n","protected":false},"excerpt":{"rendered":"<p>\u2026 und Herzlich Willkommen auf den Seiten der Tierarztpraxis im Friesenhof. Unsere Praxis liegt im Herzen von Ostfriesland, die Praxisr\u00e4ume sind in einem idyllischen alten Bauernhof eingerichtet. In unserer Kleintierpraxis werden Hunde, Katzen, Kaninchen, Meerschweinchen, Ratten, und Sittiche behandelt &#8211; &hellip; <a href=\"https:\/\/www.friesenhofpraxis.de\/\">Weiterlesen <span class=\"meta-nav\">&rarr;<\/span><\/a><\/p>\n","protected":false},"author":1,"featured_media":0,"parent":0,"menu_order":0,"comment_status":"closed","ping_status":"open","template":"showcase.php","meta":{"footnotes":""},"class_list":["post-12","page","type-page","status-publish","hentry"],"_links":{"self":[{"href":"https:\/\/www.friesenhofpraxis.de\/index.php?rest_route=\/wp\/v2\/pages\/12","targetHints":{"allow":["GET"]}}],"collection":[{"href":"https:\/\/www.friesenhofpraxis.de\/index.php?rest_route=\/wp\/v2\/pages"}],"about":[{"href":"https:\/\/www.friesenhofpraxis.de\/index.php?rest_route=\/wp\/v2\/types\/page"}],"author":[{"embeddable":true,"href":"https:\/\/www.friesenhofpraxis.de\/index.php?rest_route=\/wp\/v2\/users\/1"}],"replies":[{"embeddable":true,"href":"https:\/\/www.friesenhofpraxis.de\/index.php?rest_route=%2Fwp%2Fv2%2Fcomments&post=12"}],"version-history":[{"count":93,"href":"https:\/\/www.friesenhofpraxis.de\/index.php?rest_route=\/wp\/v2\/pages\/12\/revisions"}],"predecessor-version":[{"id":1013,"href":"https:\/\/www.friesenhofpraxis.de\/index.php?rest_route=\/wp\/v2\/pages\/12\/revisions\/1013"}],"wp:attachment":[{"href":"https:\/\/www.friesenhofpraxis.de\/index.php?rest_route=%2Fwp%2Fv2%2Fmedia&parent=12"}],"curies":[{"name":"wp","href":"https:\/\/api.w.org\/{rel}","templated":true}]}}